{"id":674,"date":"2018-12-04T16:15:14","date_gmt":"2018-12-04T15:15:14","guid":{"rendered":"http:\/\/www.autoecoleclaix.fr\/web\/?post_type=portfolio&#038;p=674"},"modified":"2018-12-11T17:49:40","modified_gmt":"2018-12-11T16:49:40","slug":"piste-moto-et-remorque","status":"publish","type":"portfolio","link":"https:\/\/www.autoecoleclaix.fr\/web\/portfolio\/piste-moto-et-remorque\/","title":{"rendered":"Piste moto et remorque"},"content":{"rendered":"<h3><span style=\"font-family: 'comic sans ms', sans-serif; color: #00ccff;\"><strong>Formations aux cat\u00e9gories Al, A2, A du permis de conduire\u00a0<\/strong><strong>et pour la conduite des v\u00e9hicules de cat\u00e9gorie L5e.<\/strong><\/span><\/h3>\n<h3><span style=\"font-family: 'comic sans ms', sans-serif; color: #00ccff;\"><strong>Formations aux cat\u00e9gories BE et BE96.<\/strong><\/span><\/h3>\n<p><strong>\u00a0<\/strong><strong>\u00a0<\/strong><\/p>\n<ul>\n<li><strong>Adresse de la formation hors circulation\u00a0:<\/strong><\/li>\n<\/ul>\n<p><strong>\u00a0<\/strong>Parking Alpexpo<\/p>\n<p>38100 Grenoble<\/p>\n<p><strong>Temps de parcours \u00e0 partir de l\u2019\u00e9cole de conduite\u00a0:<\/strong><\/p>\n<p>15 minutes<\/p>\n<p><strong>Partage de la piste de formation\u00a0:<\/strong><\/p>\n<p>La piste est partag\u00e9e avec les \u00e9coles de conduite de l\u2019agglom\u00e9ration enseignant le deux-roues et BE, suffisamment de pistes trac\u00e9es pour le partage dans de bonnes conditions<\/p>\n<p>&nbsp;<\/p>\n<ul>\n<li><strong>Piste priv\u00e9e\u00a0:<\/strong><\/li>\n<\/ul>\n<p>Place du march\u00e9<\/p>\n<p>38800 Le Pont de Claix<\/p>\n<p>Reconduction annuelle<\/p>\n<p><strong>Temps de parcours \u00e0 partir de l\u2019\u00e9cole de conduite\u00a0:<\/strong><\/p>\n<p>5 minutes<\/p>\n<p><strong>Partage de la piste de formation\u00a0:<\/strong><\/p>\n<p>La piste nous est r\u00e9serv\u00e9e<\/p>\n<p><strong>Capacit\u00e9 d\u2019accueil\u00a0:<\/strong><\/p>\n<p>Sanitaires avec point d\u2019eau<\/p>\n<p><strong>Disponibilit\u00e9 de la piste\u00a0:<\/strong><\/p>\n<p>Selon les besoins de l\u2019auto-\u00e9cole pour enseignement<\/p>\n","protected":false},"excerpt":{"rendered":"<p>Formations aux cat\u00e9gories Al, A2, A du permis de conduire\u00a0et pour la conduite des v\u00e9hicules de cat\u00e9gorie L5e. Formations aux cat\u00e9gories BE et BE96. \u00a0\u00a0 Adresse de la formation hors circulation\u00a0: \u00a0Parking Alpexpo 38100 Grenoble Temps de parcours \u00e0 partir &hellip; <a class=\"kt-excerpt-readmore more-link\" href=\"https:\/\/www.autoecoleclaix.fr\/web\/portfolio\/piste-moto-et-remorque\/\">lire plus<\/a><\/p>\n","protected":false},"author":3,"featured_media":629,"menu_order":0,"template":"","meta":[],"portfolio-type":[38],"class_list":["post-674","portfolio","type-portfolio","status-publish","has-post-thumbnail","hentry","portfolio-type-labellisation"],"_links":{"self":[{"href":"https:\/\/www.autoecoleclaix.fr\/web\/wp-json\/wp\/v2\/portfolio\/674","targetHints":{"allow":["GET"]}}],"collection":[{"href":"https:\/\/www.autoecoleclaix.fr\/web\/wp-json\/wp\/v2\/portfolio"}],"about":[{"href":"https:\/\/www.autoecoleclaix.fr\/web\/wp-json\/wp\/v2\/types\/portfolio"}],"author":[{"embeddable":true,"href":"https:\/\/www.autoecoleclaix.fr\/web\/wp-json\/wp\/v2\/users\/3"}],"wp:featuredmedia":[{"embeddable":true,"href":"https:\/\/www.autoecoleclaix.fr\/web\/wp-json\/wp\/v2\/media\/629"}],"wp:attachment":[{"href":"https:\/\/www.autoecoleclaix.fr\/web\/wp-json\/wp\/v2\/media?parent=674"}],"wp:term":[{"taxonomy":"portfolio-type","embeddable":true,"href":"https:\/\/www.autoecoleclaix.fr\/web\/wp-json\/wp\/v2\/portfolio-type?post=674"}],"curies":[{"name":"wp","href":"https:\/\/api.w.org\/{rel}","templated":true}]}}

<h3><span style="font-family: 'comic sans ms', sans-serif; color: #00ccff;"><strong>Formations aux catégories Al, A2, A du permis de conduire </strong><strong>et pour la conduite des véhicules de catégorie L5e.</strong></span></h3>
<h3><span style="font-family: 'comic sans ms', sans-serif; color: #00ccff;"><strong>Formations aux catégories BE et BE96.</strong></span></h3>
<p><strong> </strong><strong> </strong></p>
<ul>
<li><strong>Adresse de la formation hors circulation :</strong></li>
</ul>
<p><strong> </strong>Parking Alpexpo</p>
<p>38100 Grenoble</p>
<p><strong>Temps de parcours à partir de l’école de conduite :</strong></p>
<p>15 minutes</p>
<p><strong>Partage de la piste de formation :</strong></p>
<p>La piste est partagée avec les écoles de conduite de l’agglomération enseignant le deux-roues et BE, suffisamment de pistes tracées pour le partage dans de bonnes conditions</p>
<p>&nbsp;</p>
<ul>
<li><strong>Piste privée :</strong></li>
</ul>
<p>Place du marché</p>
<p>38800 Le Pont de Claix</p>
<p>Reconduction annuelle</p>
<p><strong>Temps de parcours à partir de l’école de conduite :</strong></p>
<p>5 minutes</p>
<p><strong>Partage de la piste de formation :</strong></p>
<p>La piste nous est réservée</p>
<p><strong>Capacité d’accueil :</strong></p>
<p>Sanitaires avec point d’eau</p>
<p><strong>Disponibilité de la piste :</strong></p>
<p>Selon les besoins de l’auto-école pour enseignement</p>

<p>Formations aux catégories Al, A2, A du permis de conduire et pour la conduite des véhicules de catégorie L5e. Formations aux catégories BE et BE96.    Adresse de la formation hors circulation :  Parking Alpexpo 38100 Grenoble Temps de parcours à partir &hellip; <a class="kt-excerpt-readmore more-link" href="https://www.autoecoleclaix.fr/web/portfolio/piste-moto-et-remorque/">lire plus</a></p>
