{"id":486,"date":"2018-05-17T14:14:17","date_gmt":"2018-05-17T12:14:17","guid":{"rendered":"http:\/\/www.autoecoleclaix.fr\/web\/?page_id=486"},"modified":"2018-05-17T14:16:05","modified_gmt":"2018-05-17T12:16:05","slug":"mentions-legales","status":"publish","type":"page","link":"https:\/\/www.autoecoleclaix.fr\/web\/mentions-legales\/","title":{"rendered":"Mentions L\u00e9gales"},"content":{"rendered":"<h2>Propri\u00e9t\u00e9<\/h2>\n<p>Ce site et le nom de domaine autoecoleclaix.fr sont la propri\u00e9t\u00e9 de l\u2019Auto Ecole de Claix<br \/>\n&gt; Si\u00e8ge social : 12 all\u00e9e de l&rsquo;Atrium<br \/>\n&gt; SIRET 538 915 141 00021 <span id=\"verif_fiche.code.naf\"><\/span><\/p>\n<p>La soci\u00e9t\u00e9 est \u00e9galement responsable du contenu \u00e9ditorial du site.<\/p>\n<h2>Copyright et cr\u00e9dits<\/h2>\n<p>Les contenus et les images de ce site sont la propri\u00e9t\u00e9 exclusive de l&rsquo;auto \u00e9cole de Claix<\/p>\n<h2>Cr\u00e9ation et d\u00e9veloppement du site<\/h2>\n<p>Ce site a \u00e9t\u00e9 con\u00e7u et d\u00e9velopp\u00e9 par la soci\u00e9t\u00e9 <a href=\"http:\/\/www.eyenet.fr\" target=\"_blank\" rel=\"noopener\">eyenet<\/a>.<\/p>\n<h2>H\u00e9bergement du site<\/h2>\n<p>Sur serveur mutualis\u00e9 chez NUXIT, SARL au capital de 10 000 \u20ac<br \/>\n400 avenue Roumanille BP 309<br \/>\n06906 Sophia Antipolis Cedex<\/p>\n","protected":false},"excerpt":{"rendered":"<p>Propri\u00e9t\u00e9 Ce site et le nom de domaine autoecoleclaix.fr sont la propri\u00e9t\u00e9 de l\u2019Auto Ecole de Claix &gt; Si\u00e8ge social : 12 all\u00e9e de l&rsquo;Atrium &gt; SIRET 538 915 141 00021 La soci\u00e9t\u00e9 est \u00e9galement responsable du contenu \u00e9ditorial du &hellip; <a class=\"kt-excerpt-readmore more-link\" href=\"https:\/\/www.autoecoleclaix.fr\/web\/mentions-legales\/\">lire plus<\/a><\/p>\n","protected":false},"author":3,"featured_media":0,"parent":0,"menu_order":0,"comment_status":"closed","ping_status":"closed","template":"","meta":{"footnotes":""},"class_list":["post-486","page","type-page","status-publish","hentry"],"_links":{"self":[{"href":"https:\/\/www.autoecoleclaix.fr\/web\/wp-json\/wp\/v2\/pages\/486","targetHints":{"allow":["GET"]}}],"collection":[{"href":"https:\/\/www.autoecoleclaix.fr\/web\/wp-json\/wp\/v2\/pages"}],"about":[{"href":"https:\/\/www.autoecoleclaix.fr\/web\/wp-json\/wp\/v2\/types\/page"}],"author":[{"embeddable":true,"href":"https:\/\/www.autoecoleclaix.fr\/web\/wp-json\/wp\/v2\/users\/3"}],"replies":[{"embeddable":true,"href":"https:\/\/www.autoecoleclaix.fr\/web\/wp-json\/wp\/v2\/comments?post=486"}],"version-history":[{"count":2,"href":"https:\/\/www.autoecoleclaix.fr\/web\/wp-json\/wp\/v2\/pages\/486\/revisions"}],"predecessor-version":[{"id":488,"href":"https:\/\/www.autoecoleclaix.fr\/web\/wp-json\/wp\/v2\/pages\/486\/revisions\/488"}],"wp:attachment":[{"href":"https:\/\/www.autoecoleclaix.fr\/web\/wp-json\/wp\/v2\/media?parent=486"}],"curies":[{"name":"wp","href":"https:\/\/api.w.org\/{rel}","templated":true}]}}